{"id":53,"date":"2014-01-09T12:35:34","date_gmt":"2014-01-09T11:35:34","guid":{"rendered":"http:\/\/www.focus-computer.com\/?page_id=53"},"modified":"2014-03-04T00:33:06","modified_gmt":"2014-03-03T23:33:06","slug":"unified-communication","status":"publish","type":"page","link":"https:\/\/www.focus-computer.com\/?page_id=53","title":{"rendered":"Unified Communication"},"content":{"rendered":"<p>Teilnehmer, Interessenten, Mitarbeiter und Kunden interagieren besser und ortsunabh\u00e4ngig, wenn sie auf eine zentrale Arbeits-, Verwaltungs- und Kommunikationsplattform zugreifen. \u00a0In der Integration von Kommunikationsmedien in einer einheitlichen Anwendungsumgebung steckt also ein erhebliches Potenzial. Mit entsprechenden L\u00f6sungen k\u00f6nnen Unternehmen und Organisationen Effizienzgewinne erzielen und eine systematische Pflege der Stakeholderbeziehungen betreiben &#8211; von der Kundenakquise, \u00fcber CRM-Ma\u00dfnahmen bis zu Arbeitsplattformen.<\/p>\n<p>Focus Computer hat sich auf die Entwicklung entsprechender Anwendungen spezialisiert. Wir konzipieren und realisieren umfassende Anwendungen f\u00fcr Ihre spezifischen Anforderungen.<\/p>\n<p>Dar\u00fcber hinaus haben wir eine Reihe patentierter L\u00f6sungen entwickelt, f\u00fcr die unsere Kunden Lizenzen erwerben k\u00f6nnen und die wir nach ihren Anforderungen anpassen.<\/p>\n<ul>\n<li><strong>Studentix<\/strong><br \/>\nStudentix ist eine \u00fcbergreifende Verwaltungssoftware f\u00fcr Universit\u00e4ten in Form eines zentralen Webportals auf Basis von Active Directory und Word Press. Das System deckt den Kommunikations- und Organisationsbedarf f\u00fcr alle akademischen Zielgruppen ab, vom Interessenten \u00fcber aktive Studenten und Professoren bis hin zu den Alumni &#8211; sei es der erste Versand von Informationsmaterial, der interne Austausch der Studenten, die seminar\u00fcbergreifende Zusammenarbeit, die Verteilung von Skripten und Arbeitsmaterialien oder die Einladung zum Alumintreffen.Durch eine direkte Einbindung sozialer Netzwerke wie Facebook, arbeiten die Nutzer augenblicklich in einer vertrauten Umgebung und eine umst\u00e4ndliche externe Kommunikation per E-Mail entf\u00e4llt. Eine vollst\u00e4ndige Officeintegration erleichtert den Arbeitsalltag durch schnelle Erstellung von Listen und Arbeitsmaterialien. Das System kann in Struktur und Gestaltung vollst\u00e4ndig auf die jeweilige Hochschule angepasst und problemlos in die bestehende Website eingebunden werden. Studentix verf\u00fcgt \u00fcber \u00a0Schnittstellen zur Buchhaltung, vollst\u00e4ndiges Rechtemanagement und eine l\u00fcckenlose Nachverfolgbarkeit der Beitr\u00e4ge und Aktivit\u00e4ten.<\/li>\n<\/ul>\n<ul>\n<li><strong>Datenbanksystem f\u00fcr rechtsmedizinische Institute<\/strong><br \/>\nDieses workflow-orientierte System ist spezifisch auf die Anforderungen rechtsmedizinischer Institute ausgerichtet. Es erm\u00f6glicht eine umfassende Materialverwaltung und den team\u00fcbergreifenden Zugriff auf Befunde. Zeitkritische Aufgaben k\u00f6nnen zudem mit einem SMS-Erinnerungsservice verkn\u00fcpft werden.Bei der Entwicklung des Systems konnte Focus Computer auf Erfahrungen bei der Mitarbeit an IT-Projekten f\u00fcr die US-Regierung und das -Milit\u00e4r zur\u00fcckgreifen und entsprechende Sicherheit gew\u00e4hrleisten, wie sie f\u00fcr solche hochsensiblen Bereiche unerl\u00e4sslich ist.<\/li>\n<\/ul>\n<ul>\n<li><strong style=\"color: #000000; font-style: normal;\">JMeeting<br \/>\n<\/strong>JMeeting wurde mit Java und PHP entwickelt und erm\u00f6glicht webbasiertes Video-Conferencing f\u00fcr Privatpersonen und Unternehmen. Der Stream eines Nutzers kann dabei von bis zu 10.000 Zuschauern gleichzeitig angesehen werden, inklusive einer Chatfunktion. \u00a0Das System hat sich weltweit erfolgreich etabliert und wird derzeit insgesamt von rund einer Million Nutzern eingesetzt. Basierend auf JMeeting kann Focus Computer alle erdenklichen Videochat-Services f\u00fcr Unternehmen und Organisationen realisieren.<\/li>\n<\/ul>\n","protected":false},"excerpt":{"rendered":"<p>Teilnehmer, Interessenten, Mitarbeiter und Kunden interagieren besser und ortsunabh\u00e4ngig, wenn sie auf eine zentrale Arbeits-, Verwaltungs- und Kommunikationsplattform zugreifen. \u00a0In der Integration von Kommunikationsmedien in einer einheitlichen Anwendungsumgebung steckt also ein erhebliches Potenzial. Mit entsprechenden L\u00f6sungen k\u00f6nnen Unternehmen und Organisationen &hellip; <a href=\"https:\/\/www.focus-computer.com\/?page_id=53\">Weiterlesen <span class=\"meta-nav\">&rarr;<\/span><\/a><\/p>\n","protected":false},"author":3,"featured_media":0,"parent":50,"menu_order":0,"comment_status":"closed","ping_status":"closed","template":"","meta":{"footnotes":""},"class_list":["post-53","page","type-page","status-publish","hentry"],"_links":{"self":[{"href":"https:\/\/www.focus-computer.com\/index.php?rest_route=\/wp\/v2\/pages\/53","targetHints":{"allow":["GET"]}}],"collection":[{"href":"https:\/\/www.focus-computer.com\/index.php?rest_route=\/wp\/v2\/pages"}],"about":[{"href":"https:\/\/www.focus-computer.com\/index.php?rest_route=\/wp\/v2\/types\/page"}],"author":[{"embeddable":true,"href":"https:\/\/www.focus-computer.com\/index.php?rest_route=\/wp\/v2\/users\/3"}],"replies":[{"embeddable":true,"href":"https:\/\/www.focus-computer.com\/index.php?rest_route=%2Fwp%2Fv2%2Fcomments&post=53"}],"version-history":[{"count":12,"href":"https:\/\/www.focus-computer.com\/index.php?rest_route=\/wp\/v2\/pages\/53\/revisions"}],"predecessor-version":[{"id":130,"href":"https:\/\/www.focus-computer.com\/index.php?rest_route=\/wp\/v2\/pages\/53\/revisions\/130"}],"up":[{"embeddable":true,"href":"https:\/\/www.focus-computer.com\/index.php?rest_route=\/wp\/v2\/pages\/50"}],"wp:attachment":[{"href":"https:\/\/www.focus-computer.com\/index.php?rest_route=%2Fwp%2Fv2%2Fmedia&parent=53"}],"curies":[{"name":"wp","href":"https:\/\/api.w.org\/{rel}","templated":true}]}}